s the thousands digit of 215874249?
4
What is the ten millions digit of 2979569785?
7
What is the hundred millions digit of 1775986302?
7
What is the hundreds digit of 71573067?
0
What is the units digit of 289399717?
7
What is the millions digit of 42587535?
2
What is the hundred thousands digit of 17689974?
6
What is the billions digit of 7416265055?
7
What is the hundred thousands digit of 6518408?
5
What is the millions digit of 7244888949?
4
What is the units digit of 844837669?
9
What is the hundreds digit of 1657398670?
6
What is the thousands digit of 5639982163?
2
What is the units digit of 56244560?
0
What is the hundred millions digit of 413386968?
4
What is the units digit of 2018265785?
5
What is the hundred millions digit of 101245366?
1
What is the billions digit of 2753038045?
2
What is the units digit of 47764318?
8
What is the units digit of 39896192?
2
What is the tens digit of 4622699045?
4
What is the tens digit of 117218706?
0
What is the units digit of 57257697?
7
What is the ten millions digit of 629256236?
2
What is the ten millions digit of 1193557398?
9
What is the tens digit of 99350762?
6
What is the tens digit of 6711838?
3
What is the millions digit of 188836696?
8
What is the millions digit of 3985259824?
5
What is the hundreds digit of 38809739?
7
What is the hundreds digit of 9243777?
7
What is the hundred millions digit of 138583121?
1
What is the thousands digit of 4213314?
3
What is the units digit of 451953831?
1
What is the millions digit of 3322542180?
2
What is the units digit of 62778415?
5
What is the hundreds digit of 240638786?
7
What is the hundred millions digit of 137805744?
1
What is the ten thousands digit of 589717068?
1
What is the hundred thousands digit of 1425100391?
1
What is the thousands digit of 24868828?
8
What is the tens digit of 194854712?
1
What is the hundreds digit of 461417829?
8
What is the units digit of 1794317331?
1
What is the hundred thousands digit of 93905050?
9
What is the units digit of 84511992?
2
What is the units digit of 1620263746?
6
What is the hundreds digit of 18355766?
7
What is the tens digit of 5178534?
3
What is the tens digit of 684858592?
9
What is the hundred thousands digit of 49345792?
3
What is the billions digit of 2115435774?
2
What is the millions digit of 91653849?
1
What is the hundreds digit of 96888236?
2
What is the hundred thousands digit of 58071102?
0
What is the hundred thousands digit of 4269578874?
5
What is the hundred millions digit of 207062435?
2
What is the thousands digit of 1193326570?
6
What is the ten millions digit of 24298647?
2
What is the thousands digit of 41803629?
3
What is the millions digit of 17979927?
7
What is the billions digit of 6057638238?
6
What is the ten millions digit of 175422072?
7
What is the hundreds digit of 108691580?
5
What is the units digit of 196074178?
8
What is the thousands digit of 2093841364?
1
What is the ten millions digit of 148994837?
4
What is the tens digit of 15544731?
3
What is the millions digit of 908354790?
8
What is the millions digit of 2674468491?
4
What is the ten thousands digit of 52631726?
3
What is the hundreds digit of 98022392?
3
What is the tens digit of 2012772594?
9
What is the millions digit of 285962308?
5
What is the units digit of 5436936?
6
What is the hundred thousands digit of 2504912299?
9
What is the hundreds digit of 56486469?
4
What is the millions digit of 3776699690?
6
What is the hundred millions digit of 209297353?
2
What is the billions digit of 1871863825?
1
What is the ten millions digit of 113868086?
1
What is the units digit of 23818049?
9
What is the hundreds digit of 409842677?
6
What is the tens digit of 77797613?
1
What is the millions digit of 55376777?
5
What is the ten thousands digit of 39400384?
0
What is the thousands digit of 1018027434?
7
What is the hundreds digit of 326563053?
0
What is the millions digit of 84646615?
4
What is the hundred thousands digit of 1039833578?
8
What is the hundreds digit of 69879890?
8
What is the units digit of 21172984?
4
What is the units digit of 749858196?
6
What is the millions digit of 16065600?
6
What is the ten thousands digit of 32417525?
1
What is the thousands digit of 195082677?
2
What is the hundreds digit of 139354220?
2
What is the ten millions digit of 6446595898?
4
What is the units digit of 856880924?
4
What is the millions digit of 109804423?
9
What is the hundred millions digit of 107599436?
1
What is the thousands digit of 22149479?
9
What is the ten thousands digit of 1943585196?
8
What is the ten thousands digit of 322357032?
5
What is the hundred thousands digit of 50585607?
5
What is the millions digit of 5820152?
5
What is the hundred thousands digit of 317777415?
7
What is the hundreds digit of 1034770998?
9
What is the tens digit of 29983587?
8
What is the millions digit of 1239927135?
9
What is the hundred thousands digit of 134650048?
6
What is the units digit of 932372341?
1
What is the hundred thousands digit of 113493214?
4
What is the units digit of 1354403061?
1
What is the hundred thousands digit of 1665840781?
8
What is the thousands digit of 145271919?
1
What is the millions digit of 363625007?
3
What is the millions digit of 424326188?
4
What is the tens digit of 1872472902?
0
What is the hundred thousands digit of 13575317?
5
What is the millions digit of 581796623?
1
What is the millions digit of 126470888?
6
What is the hundreds digit of 3755496878?
8
What is the thousands digit of 107707938?
7
What is the hundred millions digit of 487274263?
4
What is the hundreds digit of 2203462525?
5
What is the ten millions digit of 109290494?
0
What is the hundreds digit of 41538077?
0
What is the hundreds digit of 12650807?
8
What is the hundred thousands digit of 246421186?
4
What is the ten thousands digit of 52671651?
7
What is the hundred millions digit of 1903769251?
9
What is the hundreds digit of 3601877744?
7
What is the ten thousands digit of 17195082?
9
What is the units digit of 778839949?
9
What is the millions digit of 437371307?
7
What is the millions digit of 1228198262?
8
What is the units digit of 2158214128?
8
What is the hundreds digit of 5384986?
9
What is the ten millions digit of 4719232561?
1
What is the hundreds digit of 322306061?
0
What is the hundred thousands digit of 596667062?
6
What is the ten thousands digit of 22601483?
0
What is the millions digit of 7958688?
7
What is the thousands digit of 200801983?
1
What is the millions digit of 449494924?
9
What is the millions digit of 195816011?
5
What is the hundred thousands digit of 1642815062?
8
What is the ten millions digit of 421377101?
2
What is the thousands digit of 119458806?
8
What is the ten millions digit of 3490354353?
9
What is the ten millions digit of 81275422?
8
What is the millions digit of 17380471?
7
What is the ten millions digit of 979952279?
7
What is the thousands digit of 4424913808?
3
What is the tens digit of 277588652?
5
What is the units digit of 137830463?
3
What is the hundred thousands digit of 3122555554?
5
What is the hundred thousands digit of 294335741?
3
What is the units digit of 7650803?
3
What is the hundred millions digit of 2725086235?
7
What is the tens digit of 729144739?
3
What is the hundred thousands digit of 16633663?
6
What is the millions digit of 7651491?
7
What is the hundred millions digit of 2449586138?
4
What is the millions digit of 917021605?
7
What is the units digit of 125426357?
7
What is the hundreds digit of 3792953182?
1
What is the ten millions digit of 100235251?
0
What is the units digit of 68543415?
5
What is the thousands digit of 344626356?
6
What is the ten thousands digit of 50430360?
3
What is the tens digit of 1296091289?
8
What is the hundred thousands digit of 91432166?
4
What is the tens digit of 363265752?
5
What is the ten thousands digit of 870026480?
2
What is the units digit of 94203623?
3
What is the ten thousands digit of 9572476?
7
What is the hundred thousands digit of 181116959?
1
What is the tens digit of 61610223?
2
What is the thousands digit of 3578972550?
2
What is the ten thousands digit of 13814070?
1
What is the ten thousands digit of 80527981?
2
What is the thousands digit of 12473676?
3
What is the un